ime factors of q.
3, 19
Let m = 5 - -45. List the prime factors of m.
2, 5
Let o(l) = -21*l - 1. List the prime factors of o(-3).
2, 31
Let l = 34 - 20. Suppose 0*a - a + 36 = 0. Suppose a = 2*x + l. What are the prime factors of x?
11
Suppose -13*y = -11*y - 92. List the prime factors of y.
2, 23
Suppose -2*k + 3*k = 37. Let d = k - 15. List the prime factors of d.
2, 11
Suppose -5*m + 802 + 223 = 0. What are the prime factors of m?
5, 41
Let i = -3 - -6. Let f(o) = -3 + 4*o - 3 + 5 - 2. What are the prime factors of f(i)?
3
Let c(p) = -2*p + 3. Let m be c(-4). Suppose 4*x = m + 9. Suppose -6 = 2*o, 0*b - b = x*o + 7. What are the prime factors of b?
2
Let n be (3/2)/(-3)*-8. Suppose q + 99 = -0*a + 3*a, -4*a + n*q + 140 = 0. What are the prime factors of a?
2
Suppose n - 8 = -n. Let h be (-4 - -1)/(-5 - -4). Suppose 5*c - h*c + 9 = y, n*y = 4*c + 36. List the prime factors of y.
3
Let p be (-8 - -8) + 0 + 3. Suppose p*i + 2*i - 3*t = 77, -1 = -t. What are the prime factors of i?
2
Let h = 86 + -44. What are the prime factors of h?
2, 3, 7
Suppose 2*s = 6 + 2. Suppose -s*x = -2*l + 222, 0*x = 5*x - 3*l + 277. What are the prime factors of (-1248)/x + 2/(-7)?
2, 11
Suppose -5*i + 50 = 5*h, 2*h - 7 = i - 2. Let g be (-4)/12 - (-8)/6. Suppose -c + g = -5*m - h*c, 3*m = c + 13. What are the prime factors of m?
3
Let u(g) = -g + 15. Let v be -1 - -8 - (-7 - -7). What are the prime factors of u(v)?
2
Let v(t) = 2*t**2 + 3*t - 3. Suppose 18 + 2 = 4*a. Let l be ((-5)/a)/(2/6). List the prime factors of v(l).
2, 3
Let i = -16 - -10. What are the prime factors of (i/4)/(-1)*4?
2, 3
Let b = -54 - -83. List the prime factors of b.
29
Suppose z - 5*z = -24. Suppose -o + z*o = 90. Suppose -5*f + o = -32. List the prime factors of f.
2, 5
Suppose 0*j + 20 = 5*j. Let k(w) = w + 4. List the prime factors of k(j).
2
Suppose 0 = -w + 5*z + 5, 3*w - 2*w = -5*z + 45. List the prime factors of w.
5
Let i be (-12)/(-10)*(-10)/(-3). Suppose 89 = i*b + 29. What are the prime factors of 4 + (-5)/(b/(-9))?
7
List the prime factors of (2 - 0 - -2) + 128.
2, 3, 11
Suppose -u + 270 = 4*s, -u + 268 = 3*s + 66. Suppose -2*q - x + 6 + 36 = 0, -3*q = -x - s. What are the prime factors of q?
2, 11
Suppose 553 + 171 = 4*x - 4*i, -5*i = -15. List the prime factors of x.
2, 23
What are the prime factors of -1*46/(-4)*2?
23
Suppose 5*k = -5*i + 170, -2*i - 54 = -4*i + 5*k. Suppose -z = 3*z - i. What are the prime factors of z?
2
Let t(k) be the first derivative of k**3/3 + 15*k**2/2 + 9*k + 1. List the prime factors of t(-15).
3
Let j(i) be the second derivative of -i**3/3 - i**2 - 2*i. What are the prime factors of j(-7)?
2, 3
Suppose 5*u = -0*u - 40. Let y = 14 + u. What are the prime factors of (-3)/y + 33/2?
2
Suppose 11 + 1 = 3*z. Suppose 3*i - 127 = -0*i - m, -i - z*m = -46. List the prime factors of i.
2, 3, 7
Let c be (90/12)/(6/16). Let r = c - 11. List the prime factors of r.
3
Suppose n - 5*m = 85, 5*m - 11 + 36 = 0. What are the prime factors of (24/(-5))/((-18)/n)?
2
Let j(x) = -x + 15. Let d be j(11). Let w = d - 4. Suppose 2*h - 24 = -w*h. List the prime factors of h.
2, 3
Suppose -o - t + 222 = -10, 2*t - 695 = -3*o. List the prime factors of o.
3, 7, 11
Suppose 3*u + 5*c + 17 = 2*u, -4*c + 20 = 5*u. Suppose 4*y - 3 = 1. List the prime factors of 0*(-1)/y + u.
2
Let k = 25 + -18. Let x = k - 0. What are the prime factors of x?
7
Let w(j) = -4*j + 23. List the prime factors of w(-10).
3, 7
Suppose 0 = 2*d + 2 - 0, w = 2*d + 101. What are the prime factors of w?
3, 11
Suppose -f - 11 = 3*p + 18, 17 = -4*p + 3*f. Let n be 195/20 + (-2)/p. What are the prime factors of n - 1/(-3)*0?
2, 5
Suppose -16*q = -6*q - 2160. What are the prime factors of q?
2, 3
Suppose 14 = -3*o + 50. What are the prime factors of o?
2, 3
Suppose -4*g = -1 + 5. Let p = g - -3. Suppose 3*d - c = 24, -p*c + 2 = d + 1. What are the prime factors of d?
7
Let a(p) = -p**3 - 4*p**2 + 5*p + 5. Let q(y) = -y**3 - 4*y**2 - 2*y + 1. Let t be q(-4). Suppose -t = 2*i + 1. List the prime factors of a(i).
5
Let p = 30 - 14. What are the prime factors of p?
2
Let l(x) = -x**2 + 61. List the prime factors of l(0).
61
What are the prime factors of -5 - -6 - (-3 + -61 + 2)?
3, 7
Suppose -q + 3 = 1. Suppose 58 = 5*f - 3*g - 17, q*g - 2 = -f. Suppose -f = 4*n - 60. What are the prime factors of n?
2, 3
Let r be 9/7 - 4/14. Suppose -p + 4 = -r. What are the prime factors of p?
5
Let j(f) = -6*f**2 + 1. Let c be j(-1). Let w = c + 14. List the prime factors of w.
3
Suppose -18 = 6*n - 894. What are the prime factors of n?
2, 73
Let y = 151 - 69. List the prime factors of y.
2, 41
Suppose 2 + 2 = h, 0 = -4*r + h + 48. What are the prime factors of r?
13
Let c be (-18)/(-8)*32/8. Suppose -4*v - 7 = 3*b - 58, 3*b = -c. List the prime factors of v.
3, 5
Suppose 5*m = 173 + 2. What are the prime factors of m?
5, 7
Suppose -2*p - 187 = -3*d - 0, -189 = -3*d + 3*p. What are the prime factors of d?
61
Let t be 2/6 - 32/(-12). Let r(x) = 3 - 2 + 3*x - 2*x**t + x**3 + 3*x**2. List the prime factors of r(3).
2, 5
Suppose 0 = 3*v - 9. List the prime factors of v.
3
Let b = 8 + -4. Let c = -8 + 12. Suppose -3 = -3*t - b*h + 10, 3*t = c*h + 29. What are the prime factors of t?
7
Suppose -2*p = -4*v - 58 - 6, 0 = -5*p + 5*v + 135. List the prime factors of p.
2, 11
What are the prime factors of (1*41)/((-3)/(-24)) + -3?
5, 13
Suppose -10 = -a + 13. Suppose 5*f + d = 67, 0 = -f - 0*d + 3*d + 7. Let o = a - f. List the prime factors of o.
2, 5
Suppose 0*l - l = -16. List the prime factors of (-35)/(-4) - (-4)/l.
3
Let z be 4/(-20) - 52/(-10). Let q = z + 2. List the prime factors of q.
7
Let k(d) = -4*d**3 - d**2 + d + 1. Let m be k(-1). Suppose 0 = -5*l + m*y + 275, -3*y + 0*y = 2*l - 89. Suppose a = -3*a + l. What are the prime factors of a?
13
Let o(n) = -n - 13. Let v be o(-8). Suppose -c + 0*c + 4*x = -27, 3*c = -5*x - 4. Let p = c + v. List the prime factors of p.
2
What are the prime factors of (154/(-3))/((-5)/15)?
2, 7, 11
Let k(j) = -j**3 + 2*j**2 + 3*j - 1. What are the prime factors of k(-3)?
5, 7
Suppose 20 = -5*t, -5*d + 4*t + 144 = -477. What are the prime factors of d?
11
Let m be (-12)/(-10)*(1 - -4). Suppose -b + m*b = 100. Let q = b + -11. What are the prime factors of q?
3
Let f = 18 - 29. Let h = f - -18. Suppose h - 31 = -4*c. What are the prime factors of c?
2, 3
Suppose 5*y + 3*c - 15 = 5*c, 0 = 3*y - 4*c - 9. List the prime factors of y/(9/3)*3.
3
Suppose -2*d = 3*d - 4*f - 206, d = -f + 43. Let k = d + -18. What are the prime factors of k?
2, 3
Suppose -4 = -5*h + 6. Suppose 0 = -r, 1 = -p - h*r + 15. What are the prime factors of p?
2, 7
Suppose 104 + 208 = -d. List the prime factors of (-1)/(-3) - d/36.
3
Let u(x) be the second derivative of x**5/20 + 5*x**4/12 + x**3/2 + x**2 + 3*x. Suppose -4*v - 20 = v. List the prime factors of u(v).
2, 3
Suppose -2 - 8 = -2*t. Suppose 2*x = 4*f - 34, t*f - 41 = -2*x + 6*x. What are the prime factors of f?
3
Let p be 1/4 - 47/(-4). Let t = -5 + p. What are the prime factors of t?
7
Let w(n) be the third derivative of -n**4/24 - n**3/3 - n**2. Let g be w(-4). Suppose 13 = -p + g*p. What are the prime factors of p?
13
Let o(y) be the second derivative of -y**5/60 + 7*y**4/24 - y**3/6 - y**2/2 - 3*y. Let m(t) be the first derivative of o(t). List the prime factors of m(5).
3
List the prime factors of (-21)/(-14)*56/6.
2, 7
Let c be (0/3)/(-3*1). Suppose c = -3*o - 2*o - 30. Let f = o + 13. What are the prime factors of f?
7
Suppose -864 = -8*b - 104. What are the prime factors of b?
5, 19
Let f(y) = -y**3 + 11*y**2 - 9*y - 10. Let v be f(10). Let j be 1 + 0 + 0 - -10. Let t = j - v. What are the prime factors of t?
11
List the prime factors of (0 - 1)*(-19 + -16).
5, 7
Let l = 44 - -29. List the prime factors of l.
73
Suppose 0 = 5*o - 6*o + 13. What are the prime factors of o?
13
Let b(u) = -2 + 3 - 6 + 6*u - u**2. Let o be b(5). Suppose -r - 2*r + 42 = o. List the prime factors of r.
2, 7
Let h(s) = s**2 - 5*s - 3. List the prime factors of h(7).
11
Let g = 3 - 3. Let p(n) = n - 3*n**2 + 1 + g*n + n**3 + 2*n. List the prime factors of p(3).
2, 5
Let j(n) be the third derivative of n**6/120 + 3*n**5/20 + 5*n**4/24 + 5*n**3/3 + n**2. What are the prime factors of j